e 4?
11
Convert -26 (base 7) to base 2.
-10100
26 (base 16) to base 13
2c
What is -b (base 16) in base 7?
-14
What is 45 (base 8) in base 10?
37
Convert -a (base 11) to base 3.
-101
6 (base 9) to base 3
20
-c (base 13) to base 8
-14
Convert 7 (base 13) to base 4.
13
Convert 12 (base 13) to base 7.
21
What is 2 (base 14) in base 2?
10
Convert 20 (base 6) to base 12.
10
Convert -8d (base 15) to base 16.
-85
What is 1 (base 14) in base 10?
1
Convert -50 (base 7) to base 3.
-1022
4 (base 6) to base 7
4
-2 (base 6) to base 15
-2
What is -4 (base 13) in base 4?
-10
Convert -1001 (base 3) to base 7.
-40
What is -132 (base 4) in base 12?
-26
Convert 31 (base 12) to base 8.
45
-10011010 (base 2) to base 5
-1104
What is -41 (base 12) in base 15?
-34
-3 (base 6) to base 2
-11
-7 (base 13) to base 11
-7
What is 11202 (base 3) in base 6?
332
-10 (base 8) to base 5
-13
-3 (base 9) to base 14
-3
Convert 99 (base 14) to base 2.
10000111
What is 10 (base 6) in base 3?
20
92 (base 12) to base 8
156
What is -105 (base 6) in base 10?
-41
-15 (base 7) to base 6
-20
Convert -1 (base 5) to base 11.
-1
Convert 14 (base 15) to base 4.
103
Convert -31 (base 4) to base 11.
-12
-2 (base 3) to base 15
-2
What is -32 (base 6) in base 11?
-19
What is 4 (base 14) in base 11?
4
-2 (base 9) to base 13
-2
1b (base 13) to base 2
11000
Convert 5 (base 9) to base 6.
5
-324 (base 8) to base 16
-d4
-a6 (base 11) to base 8
-164
What is 9a (base 12) in base 16?
76
Convert -1000 (base 2) to base 3.
-22
Convert 2b (base 14) to base 15.
29
Convert -102 (base 3) to base 11.
-10
-103 (base 16) to base 4
-10003
What is -2 (base 9) in base 13?
-2
What is 3 (base 14) in base 6?
3
45 (base 12) to base 13
41
-235 (base 6) to base 11
-87
What is 132 (base 9) in base 10?
110
2 (base 4) to base 5
2
What is 2 (base 8) in base 12?
2
Convert 3 (base 6) to base 16.
3
4 (base 13) to base 9
4
Convert 10000 (base 2) to base 13.
13
What is 0 (base 16) in base 2?
0
What is 11 (base 6) in base 10?
7
What is -1000 (base 2) in base 7?
-11
What is -3 (base 5) in base 2?
-11
Convert 202 (base 8) to base 4.
2002
Convert 11110100 (base 2) to base 3.
100001
Convert -22 (base 6) to base 9.
-15
2 (base 9) to base 5
2
Convert 22 (base 15) to base 14.
24
What is -4 (base 12) in base 5?
-4
6 (base 13) to base 11
6
Convert -a (base 14) to base 4.
-22
What is -1011000 (base 2) in base 12?
-74
Convert -3 (base 13) to base 2.
-11
Convert -208 (base 9) to base 16.
-aa
What is 17 (base 14) in base 12?
19
Convert -10001 (base 2) to base 4.
-101
62 (base 8) to base 16
32
What is -3 (base 7) in base 10?
-3
What is -20 (base 5) in base 15?
-a
57 (base 9) to base 3
1221
-16 (base 7) to base 14
-d
-4 (base 15) to base 10
-4
Convert -2 (base 3) to base 13.
-2
What is 11 (base 4) in base 7?
5
Convert 31 (base 16) to base 11.
45
What is -2 (base 13) in base 14?
-2
Convert -131 (base 8) to base 16.
-59
Convert 1 (base 15) to base 4.
1
What is -23 (base 4) in base 9?
-12
What is 66 (base 16) in base 7?
204
-10 (base 3) to base 4
-3
What is 1 (base 11) in base 14?
1
Convert -121 (base 4) to base 2.
-11001
-12 (base 10) to base 14
-c
-3 (base 5) to base 8
-3
10001111 (base 2) to base 13
b0
Convert -1011 (base 2) to base 13.
-b
-220 (base 9) to base 15
-c0
-2 (base 6) to base 7
-2
What is -5 (base 14) in base 6?
-5
What is -3 (base 15) in base 2?
-11
4b (base 16) to base 6
203
-2a (base 11) to base 15
-22
-4 (base 8) to base 4
-10
What is 48 (base 9) in base 7?
62
Convert -1011 (base 3) to base 6.
-51
-1 (base 4) to base 5
-1
Convert 25 (base 8) to base 4.
111
What is 23 (base 5) in base 13?
10
Convert 241 (base 5) to base 12.
5b
What is 2 (base 14) in base 8?
2
59 (base 10) to base 9
65
-7 (base 8) to base 11
-7
21 (base 8) to base 13
14
Convert -36 (base 16) to base 14.
-3c
What is 2 (base 14) in base 3?
2
19 (base 10) to base 4
103
What is c3 (base 15) in base 7?
351
Convert 54 (base 9) to base 13.
3a
What is -3 (base 4) in base 7?
-3
Convert -2 (base 16) to base 6.
-2
What is 351 (base 8) in base 6?
1025
0 (base 10) to base 11
0
13 (base 8) to base 9
12
2 (base 12) to base 11
2
4 (base 8) to base 16
4
Convert 44 (base 6) to base 5.
103
7 (base 9) to base 4
13
-108 (base 11) to base 16
-81
Convert 373 (base 8) to base 7.
506
Convert -15 (base 8) to base 16.
-d
What is 3 (base 12) in base 6?
3
-2 (base 13) to base 14
-2
What is -14 (base 6) in base 3?
-101
What is -4 (base 14) in base 16?
-4
Convert 0 (base 14) to base 9.
0
27 (base 15) to base 8
45
-18 (base 13) to base 4
-111
What is 11100 (base 2) in base 11?
26
2 (base 15) to base 8
2
-6 (base 7) to base 12
-6
Convert -154 (base 6) to base 9.
-77
-202 (base 3) to base 11
-19
What is -200 (base 3) in base 6?
-30
-8 (base 16) to base 3
-22
What is 1000101 (base 2) in base 14?
4d
Convert -1012 (base 4) to base 11.
-64
What is -3 (base 4) in base 3?
-10
Convert -25 (base 13) to base 9.
-34
1000 (base 2) to base 4
20
Convert -3 (base 15) to base 12.
-3
Convert -57 (base 16) to base 14.
-63
Convert 1 (base 3) to base 4.
1
Convert 62 (base 15) to base 8.
134
What is -1 (base 16) in base 5?
-1
79 (base 14) to base 11
98
-2 (base 7) to base 11
-2
-1 (base 6) to base 4
-1
What is 11 (base 3) in base 15?
4
What is -354 (base 6) in base 12?
-ba
Convert 335 (base 7) to base 10.
173
Convert -46 (base 7) to base 15.
-24
What is 1 (base 7) in base 6?
1
4 (base 10) to base 12
4
Convert -4 (base 7) to base 9.
-4
What is -354 (base 6) in base 5?
-1032
Convert -221 (base 6) to base 5.
-320
4 (base 14) to base 11
4
0 (base 12) to base 2
0
-10 (base 6) to base 8
-6
What is -2 (base 12) in base 4?
-2
43 (base 6) to base 3
1000
What is -1 (base 15) in base 13?
-1
Convert 5 (base 16) to base 3.
12
Convert 5 (base 8) to base 14.
5
12 (base 10) to base 2
1100
What is -13 (base 11) in base 5?
-24
Convert -1000000 (base 2) to base 13.
-4c
1 (base 12) to base 10
1
What is 17 (base 9) in base 2?
10000
Convert -3 (base 6) to base 15.
-3
Convert 54 (base 9) to base 12.
41
Convert 20 (base 9) to base 16.
12
What is -f (base 16) in base 13?
-12
63 (base 7) to base 4
231
5 (base 7) to base 3
12
-1 (base 4) to base 6
-1
What is -16 (base 9) in base 10?
-15
Convert 330 (base 7) to base 2.
10101000
-10 (base 7) to base 9
-7
Convert -220 (base 3) to base 16.
-18
Convert 18 (base 14) to base 3.
211
What is 3 (base 5) in base 4?
3
1dc (base 14) to base 3
112110
2 (base 3) to base 10
2
Convert 2b (base 13) to base 11.
34
Convert 237 (base 10) to base 16.
ed
22 (base 6) to base 8
16
What is -2d (base 16) in base 12?
-39
What is 4 (base 6) in base 4?
10
What is 3 (base 15) in base 8?
3
Convert -59 (base 13) to base 2.
-1001010
Convert 22 (base 4) to base 8.
12
-75 (base 11) to base 7
-145
What is 0 (base 13) in base 12?
0
Convert -18 (base 13) to base 2.
-10101
-75 (base 15) to base 16
-6e
-1 (base 4) to base 6
-1
Convert -5 (base 7) to base 4.
-11
What is 10 (base 8) in base 16?
8
52 (base 11) to base 9
63
-6 (base 10) to base 13
-6
What is -43 (base 7) in base 13?
-25
Convert -320 (base 10) to base 15.
-165
What is 2124 (base 5) in base 10?
289
350 (base 6) to base 12
b6
-12 (base 4) to base 12
-6
Convert -5 (base 6) to base 9.
-5
What is -6d (base 16) in base 4?
-1231
-11 (base 3) to base 16
-4
What is 520 (base 7) in base 8?
403
Convert 1 (base 6) to base 4.
1
What is 1 (base 9) in base 10?
1
Convert 26 (base 10) to base 9.
28
What is 45 (base 7) in base 12?
29
What is 1a (base 12) in base 6?
34
Convert -27 (base 14) to base 6.
-55
Convert -3 (base 12) to base 11.
-3
What is -146 (base 12) in base 10?
-198
What is 31 (base 8) in base 6?
41
What is 3 (base 5) in base 13?
3
Convert -3 (base 15) to base 9.
-3
What is -8 (base 14) in base 11?
-8
Convert 108 (base 14) to base 15.
d9
Convert 67 (base 11) to base 13.
58
Convert 52 (base 9) to base 5.
142
Convert 1 (base 16) to base 11.
1
-282 (base 9) to base 2
-11101100
What is 4 (base 13) in base 2?
100
Convert -18 (base 13) to base 15.
-16
What is -1 (base 9) in base 12?
-1
Convert -4 (base 5) to base 9.
-4
Convert -24 (base 10) to base 8.
-30
Convert 11 (base 2) to base 15.
3
88 (base 11) to base 2
1100000
What is 21 (base 14) in base 11?
27
What is 12 (base 5) in base 10?
7
What is -101 (base 7) in base 12?
-42
Convert -14 (base 6) to base 12.
-a
Convert -11101 (base 2)